{"id":7690,"date":"2024-06-11T23:23:33","date_gmt":"2024-06-11T22:23:33","guid":{"rendered":"https:\/\/www.rontgen.com\/metod\/?page_id=7690"},"modified":"2025-01-06T15:49:01","modified_gmt":"2025-01-06T14:49:01","slug":"stereotaktisk-punktion","status":"publish","type":"page","link":"https:\/\/www.rontgen.com\/metod\/stereotaktisk-punktion\/","title":{"rendered":"Punktion, indikering och preparat"},"content":{"rendered":"<p><img loading=\"lazy\" decoding=\"async\" class=\"ngg-singlepic ngg-right alignright\" style=\"border: 1px solid black; margin: 10px;\" src=\"https:\/\/www.rontgen.com\/metod\/wp-content\/gallery\/mammo\/stereotaktisk_punktion_120.jpg\" alt=\"Stereotaktisk punktion\" width=\"120\" height=\"120\" \/><\/p>\n<p>Alla former av f\u00f6r\u00e4ndringar i br\u00f6stet, som man med s\u00e4kerhet inte kan klassificera, b\u00f6r verifieras genom en <span style=\"color: #008080;\">punktion<\/span> <span style=\"font-size: 10pt;\">(finn\u00e5l\/biopsi)<\/span> mot f\u00f6r\u00e4ndringen f\u00f6r f\u00e5 ut ett v\u00e4vnadsprov f\u00f6r cytologisk analys.<br \/>\nPatienter med palpabel f\u00f6r\u00e4ndring kan genomg\u00e5 en <span style=\"color: #008080;\">trippeldiagnostik<\/span> vilket d\u00e5 involverar en <span style=\"color: #008080;\">klinisk bed\u00f6mning<\/span> <span style=\"font-size: 10pt;\">(palpation)<\/span>,\u00a0<span style=\"color: #008080;\">mammografi<\/span> samt <span style=\"color: #008080;\">punktion\/biopsi<\/span> av f\u00f6r\u00e4ndringen. Denna kompletta utredning har visat sig i upp till <span style=\"color: #008080;\">99%<\/span> ge en diagnos som \u00f6verensst\u00e4mmer med tum\u00f6ren.<\/p>\n<p><span style=\"font-size: 18pt;\"><strong>Punktion<\/strong><\/span><\/p>\n<p>Punktioner mot en oklar f\u00f6r\u00e4ndring i br\u00f6stet g\u00f6rs mestadels med <span style=\"color: #008080;\">finn\u00e5lspunktion<\/span> <span style=\"font-size: 10pt;\">(0,6mm\/18gauge)<\/span> men kan \u00e4ven g\u00f6ras med hj\u00e4lp av <span style=\"color: #008080;\">ultraljud<\/span> eller <span style=\"color: #008080;\">magnetkamera<\/span> <span style=\"font-size: 10pt;\">(MR)<\/span>. Med en punktion med <span style=\"color: #008080;\">finn\u00e5l<\/span> kan aspirerar <span style=\"font-size: 10pt;\">(suger)<\/span> ut inneh\u00e5ll <span style=\"font-size: 10pt;\">(celler)<\/span> fr\u00e5n f\u00f6r\u00e4ndringen f\u00f6r att skicka f\u00f6r <span style=\"color: #008080;\">cytologisk analys<\/span>. Finn\u00e5lspunktion g\u00f6rs \u00e4ven p\u00e5 <span style=\"color: #008080;\">cystor<\/span> d\u00e4r man f\u00f6rutom f\u00e5r ut v\u00e4tskan fr\u00e5n cystan f\u00f6r cytologisk analys \u00e4ven samtidigt kan suga ut cystan och t\u00f6mma den p\u00e5 inneh\u00e5ll.<br \/>\nF\u00e5r man inte ut adekvat material fr\u00e5n en finn\u00e5lspunktion g\u00e5r man vidare med en <span style=\"color: #008080;\">biopsi<\/span> <span style=\"font-size: 10pt;\">(grovn\u00e5l 1,2mm\/18gauge)<\/span>. Med biopsin\u00e5len stansar man av en bit levande v\u00e4vnad fr\u00e5n den aktuella f\u00f6r\u00e4ndringen som d\u00e4refter analyseras <span style=\"font-size: 10pt;\">(PAD\/patologisk anatomisk diagnos)<\/span>.<\/p>\n<p><strong>Finn\u00e5l<\/strong><\/p>\n<p>Vid en <span style=\"color: #008080;\">palpabel f\u00f6r\u00e4ndring<\/span> i br\u00f6stet kan en finn\u00e5lspunktion utf\u00f6ras p\u00e5 fri hand ev. med v\u00e4gledning av ultraljud.<br \/>\nPunktionen mot en <span style=\"color: #008080;\">ej palpabel<\/span> f\u00f6r\u00e4ndring g\u00f6rs med mammografi d\u00e4r l\u00e4karen har v\u00e4gledning av dels en kraniell bildprojektion n\u00e4r man riktar in n\u00e5len mot f\u00f6r\u00e4ndringen med hj\u00e4lp av en graderad <span style=\"color: #008080;\">koordinatplatta<\/span> d\u00e4r punktionsst\u00e4llet best\u00e4ms av sidomarkeringar i plattan. En sidoprojektion av det sammanpressade br\u00f6stet best\u00e4mmer djupet fr\u00e5n hudplanet ner till\u00a0 f\u00f6r\u00e4ndringen dvs. hur djupt i br\u00f6stet man sticker ner n\u00e5len f\u00f6r att n\u00e5 f\u00f6r\u00e4ndringen.<br \/>\nMan g\u00f6r ofta <span style=\"color: #008080;\">flera punktioner<\/span> mot omr\u00e5det d\u00e4r f\u00f6r\u00e4ndringen \u00e4r f\u00f6r att \u00f6ka chansen att f\u00e5 med patologiska celler\/material i utsuget. Punktionerna g\u00e5r snabbt och orsakar oftast enbart lite obehag f\u00f6r patienten.<\/p>\n<p>Flertalet f\u00f6r\u00e4ndringar inom br\u00f6sten \u00e4r s\u00e5 pass sm\u00e5 att de ej k\u00e4nns d\u00e5 man k\u00e4nner efter p\u00e5 utsidan. Oftast syns de d\u00e5 heller inte med blotta \u00f6gat d\u00e5 det r\u00f6r sig om mikroskopiska f\u00f6r\u00e4ndringar.<br \/>\nVid en <span style=\"color: #008080;\">liten f\u00f6r\u00e4ndring<\/span> <span style=\"font-size: 10pt;\">(&lt;1cm)<\/span> kan man s\u00e5ledes beh\u00f6va g\u00f6ra en sk. <span style=\"color: #008080;\">stereotaktisk punktion<\/span> d\u00e4r man med v\u00e4gledning av 2 mindre bilder, tagna fr\u00e5n olika vinklar mot br\u00f6stet, kan l\u00e4gesbest\u00e4mma s\u00e5v\u00e4l <span style=\"color: #008080;\">vinkeln som djupet<\/span> f\u00f6r att n\u00e5lspetsen exakt ska komma in i f\u00f6r\u00e4ndringen. Denna teknik brukar ha en precision p\u00e5 1-2mm mot f\u00f6r\u00e4ndringens centrum.<br \/>\nDet finns en speciell kompressionsplatta med ett \u00f6ppet f\u00f6nster genom plexiglaset f\u00f6r en stereotaktisk punktion.<\/p>\n<p><strong>Biopsi<\/strong><\/p>\n<p>Numera \u00e4r det vanligt att initialt g\u00f6ra enbart en <span style=\"color: #008080;\">n\u00e5lbiopsi<\/span> ist\u00e4llet f\u00f6r finn\u00e5l d\u00e4r man d\u00e5 erh\u00e5ller en <span style=\"color: #008080;\">bit hel v\u00e4vnad<\/span> fr\u00e5n f\u00f6r\u00e4ndringen. Denna biopsi g\u00f6rs d\u00e5 med en gr\u00f6vre n\u00e5l <span style=\"font-size: 10pt;\">(2mm)<\/span> d\u00e4r spetsen p\u00e5 denna gr\u00f6vre n\u00e5l kan skala av en st\u00f6rre v\u00e4vnadsbit fr\u00e5n sj\u00e4lva f\u00f6r\u00e4ndringen \u00e4n vad man klarar att suga ut genom en finn\u00e5l. Flertalet f\u00f6r\u00e4ndringar i br\u00f6stet \u00e4r sv\u00e5ra att s\u00e4rskilja d\u00e5 de utseendem\u00e4ssigt p\u00e5 mammografibilderna kan se likadan ut.<br \/>\nDet finns <span style=\"color: #008080;\">st\u00f6rre biopsin\u00e5lar<\/span> <span style=\"font-size: 10pt;\">(vakuumbiopsi)<\/span> som ger v\u00e4vnadsbitar p\u00e5 upp till 4mm som kan anv\u00e4ndas n\u00e4r man vid en f\u00f6reg\u00e5ende finn\u00e5l eller &#8221;normal&#8221; biopsin\u00e5l inte f\u00e5tt \u00f6nskad utbyte av v\u00e4vnadsmaterial eller d\u00e5 man vill undvika punktera br\u00f6stet flertalet g\u00e5nger vid diffus f\u00f6r\u00e4ndring. En gr\u00f6vre n\u00e5l ger en \u00f6kad chans f\u00f6r att f\u00e5 ut adekvat v\u00e4vnadsmaterial f\u00f6r cytologisk analys.<br \/>\nEn biopsi d\u00e4r man tar ut en bit v\u00e4vnad fr\u00e5n en oklar f\u00f6r\u00e4ndring fastst\u00e4ller oftast exakt typ av f\u00f6r\u00e4ndring\/tum\u00f6r. Med v\u00e4gledning av denna exakta diagnos kan man snabbt anpassa och p\u00e5b\u00f6rja behandlingen mot en specifik typ tum\u00f6r.<\/p>\n<p>Vid stark misstanke p\u00e5 en malign f\u00f6r\u00e4ndring utifr\u00e5n tidigare gjord mammografi eller ultraljud d\u00e4r man \u00e4ven misst\u00e4nker en spridning till n\u00e4rliggande lymfk\u00f6rtel tas en biopsi av denna lymfk\u00f6rtel i samband med det \u00f6vriga ingreppet i br\u00f6stet.<\/p>\n<p><strong>Metod<\/strong><\/p>\n<ul>\n<li>Om punktionen g\u00f6rs <span style=\"color: #008080;\">ultraljudsledd<\/span> kan patienten antingen sitta upp eller ligga ner p\u00e5 en brits.<\/li>\n<li>Patienten f\u00e5r <span style=\"color: #008080;\">sitta ner<\/span> p\u00e5 en stol n\u00e4r punktionen g\u00f6rs med v\u00e4gledning av mammografi.<\/li>\n<li>Om en <span style=\"color: #008080;\">biopsi med gr\u00f6vre n\u00e5l<\/span> ska g\u00f6ras ges f\u00f6rst <span style=\"color: #008080;\">lokalbed\u00f6vning<\/span> i huden kring tillt\u00e4nkt punktion samt att l\u00e4karen g\u00f6r ett litet snitt med skalpell i huden.<\/li>\n<li>Vid en <span style=\"color: #008080;\">stereotaktisk punktion<\/span> tas de 2 bilderna f\u00f6rst f\u00f6r utr\u00e4kning av punktionsn\u00e5len bana in mot en f\u00f6r\u00e4ndring i br\u00f6stet.<\/li>\n<li>N\u00e5lhantaget <span style=\"font-size: 10pt;\">(biopsienheten)<\/span> p\u00e5 mammografen st\u00e4ller in sig s\u00e5 den pekar mot f\u00f6r\u00e4ndringen utifr\u00e5n de 2 bilder som tagits f\u00f6re.<\/li>\n<li>N\u00e5lh\u00e5llare s\u00e4tts p\u00e5 plats i <span style=\"color: #008080;\">biopsienheten<\/span>\u00a0p\u00e5 mammografen.<\/li>\n<li>D\u00e4refter <span style=\"color: #008080;\">tv\u00e4ttas huden<\/span> med klorhexidinsprit.<\/li>\n<li>Om en biopsi med gr\u00f6vre n\u00e5l ska g\u00f6ras ges <span style=\"color: #008080;\">lokalbed\u00f6vning<\/span> i huden kring\u00a0 punktionsomr\u00e5det innan sj\u00e4lva punktionen.<\/li>\n<li>N\u00e5lpunktionen g\u00f6rs manuellt genom den utr\u00e4knade vinkeln biopsienheten \u00e4r inst\u00e4lld.<\/li>\n<li>N\u00e4r n\u00e5lenpetsen anses vara p\u00e5 plats tas oftast <span style=\"color: #008080;\">ytterligare 2 bilder<\/span> fr\u00e5n olika vinklar f\u00f6r att verifiera s\u00e5 n\u00e5lspetsen \u00e4r i sj\u00e4lva f\u00f6r\u00e4ndringen.<\/li>\n<li>N\u00e4r v\u00e4vnadsmaterial tagits ut ur f\u00f6r\u00e4ndringen genom n\u00e5len tar <span style=\"color: #008080;\">mammografil\u00e4karen<\/span> hand om <span style=\"color: #008080;\">provmaterialet<\/span>.<\/li>\n<li>Utsug <span style=\"font-size: 10pt;\">(celler)<\/span> med <span style=\"color: #008080;\">finn\u00e5l<\/span> l\u00e4ggs p\u00e5 ett objektsglas medan <span style=\"color: #008080;\">biopsimaterial<\/span> <span style=\"font-size: 10pt;\">(v\u00e4vnad)<\/span> l\u00e4ggs i en konserveringsl\u00f6sning f\u00f6r levande v\u00e4vnadsmaterial f\u00f6r vidare transport till cytologen f\u00f6r analys.<\/li>\n<li>V\u00e4vnaden man f\u00e5r ut vid en biopsi kan kontrollr\u00f6ntgas efter\u00e5t f\u00f6r att se att man f\u00e5tt med kalkf\u00f6r\u00e4ndringar i provmaterialet.<\/li>\n<\/ul>\n<p>N\u00e5gra enstaka mammografienhet i Sverige har \u00e4ven en speciell b\u00e4nk som inneh\u00e5ller b\u00e5de r\u00f6ntgenapparat och n\u00e5lhantag d\u00e4r patienten d\u00e5 <span style=\"color: #008080;\">ligger p\u00e5 magen<\/span> med det aktuella br\u00f6stet \u00f6ver ett h\u00e5l i britsen.<br \/>\nG\u00f6rs punktionen med <span style=\"color: #008080;\">ultraljud<\/span> riktas punktionsn\u00e5len in f\u00f6r hand med v\u00e4gledning av ultraljudet. P\u00e5 ultraljudsproben monteras d\u00e5 en sk. <span style=\"color: #008080;\">punktionstillsats<\/span> som f\u00f6renklar punktionsn\u00e5len bana in till den aktuella f\u00f6r\u00e4ndringen.<br \/>\nG\u00f6rs en <span style=\"color: #008080;\">biopsi med gr\u00f6vre n\u00e5l<\/span> brukar patienten f\u00e5 <span style=\"color: #008080;\">vila<\/span> sig en stund efter provtagningen.<br \/>\nInnan patienten sedan g\u00e5r hem brukar en sjuksk\u00f6terska f\u00f6rst <span style=\"color: #008080;\">kontrollera insticksst\u00e4llet<\/span>.<\/p>\n<p><strong>Patologiska fyndkoder<\/strong><\/p>\n<p>Vid den analys av v\u00e4vnadsmateria som g\u00f6rs efter finn\u00e5l eller biopsi av en f\u00f6r\u00e4ndring i br\u00f6stet anv\u00e4nds ett kod-system utifr\u00e5n fynd fr\u00e5n provmaterialet.<\/p>\n<ol>\n<li>Normalt fynd.<\/li>\n<li>Benignt fynd.<\/li>\n<li>Utredningsfall.<\/li>\n<li>Malignitetsmisst\u00e4nkt fynd.<\/li>\n<li>Malignt fynd.<\/li>\n<\/ol>\n<p><strong>Efter provtagning<\/strong><\/p>\n<p>Efter ingreppet <span style=\"color: #008080;\">komprimeras punktionsh\u00e5let<\/span> f\u00f6r hand f\u00f6r att sedan <span style=\"color: #008080;\">pl\u00e5stras om<\/span>.<br \/>\nDet finns ingen specifik efterv\u00e5rd efter en punktion i br\u00f6stet.<br \/>\nPunktioner med <span style=\"color: #008080;\">gr\u00f6vre n\u00e5lar<\/span> kan ge <span style=\"color: #008080;\">bl\u00e5nader<\/span> i huden efter\u00e5t.<br \/>\nSkulle man vid punktionen passera igenom en liten art\u00e4r med mer sivande bl\u00f6dning fr\u00e5n punktionsst\u00e4llet efter\u00e5t s\u00e5 f\u00e5r man komprimera punktionsh\u00e5let en liten l\u00e4ngre stund.<\/p>\n<p><span style=\"font-size: 18pt;\"><strong>Indikering<\/strong><\/span><\/p>\n<p><span style=\"color: #008080;\">Inf\u00f6r en operation<\/span> kan en ej k\u00e4nnbar f\u00f6r\u00e4ndring utifr\u00e5n markeras\u00a0<span style=\"font-size: 10pt;\">(indikeras)<\/span> med en <span style=\"color: #008080;\">krokf\u00f6rsedd metalltr\u00e5d<\/span> eller genom inf\u00e4rgning <span style=\"font-size: 10pt;\">(kolsuspension)<\/span> av det aktuella omr\u00e5det eller i huden d\u00e4r en f\u00f6r\u00e4ndring \u00e4r lokaliserad. Detta g\u00f6r man strax innan operationen som v\u00e4gledning f\u00f6r den opererande kirurgen som d\u00e5 kan f\u00f6lja metalltr\u00e5den eller inf\u00e4rgningen in till tum\u00f6ren.<\/p>\n<p>Man kan \u00e4ven punktera med finn\u00e5l och <span style=\"color: #008080;\">f\u00e4rga<\/span> in <span style=\"color: #008080;\">f\u00f6r\u00e4ndringen<\/span> samt den <span style=\"color: #008080;\">stickkanal<\/span> varigenom man g\u00f6r denna punktion med uppslammad <span style=\"color: #008080;\">kolsuspension<\/span>. Operat\u00f6ren kan sedan f\u00f6lja den svartf\u00e4rgade stickkanalen in till ett svartf\u00e4rgat omr\u00e5de d\u00e4r f\u00f6r\u00e4ndringen \u00e4r lokaliserad.<\/p>\n<p><strong>Metod<\/strong><\/p>\n<p>Denna preoperativa indikering av tum\u00f6ren kan g\u00f6ras med hj\u00e4lp av <span style=\"color: #008080;\">mammografen<\/span> eller <span style=\"color: #008080;\">ultraljud<\/span>. Anv\u00e4nds <span style=\"color: #008080;\">mammografen<\/span> till indikeringen g\u00f6rs denna oftast med en <span style=\"color: #008080;\">stereotaktisk metod<\/span>.<br \/>\nEn <span style=\"color: #008080;\">ultraljudsledd indikering<\/span> g\u00f6rs p\u00e5 samma s\u00e4tt som vid en n\u00e5lpunktion av en f\u00f6r\u00e4ndring. Med hj\u00e4lp av en sk. punktionstillsats p\u00e5 ultraljudsproben kan man med v\u00e4gledning av ultraljudsbilden f\u00f6lja en definierad exakt punktionsvinkel\/kanal in mot f\u00f6r\u00e4ndringen. Med ultraljud kan man \u00e4ven enkelt avg\u00f6ra det djup i br\u00f6stv\u00e4vnaden man ska f\u00f6ra in kroken f\u00f6r att den ska placera sig i eller i n\u00e4rhet av f\u00f6r\u00e4ndringen om s\u00e5 \u00f6nskas av mammografil\u00e4karen.<\/p>\n<p><span style=\"font-size: 12pt;\"><span style=\"font-size: 18pt;\"><strong>Sentinel node <\/strong><\/span>(portvaktsscinigrafi)<\/span><\/p>\n<figure id=\"attachment_9391\" aria-describedby=\"caption-attachment-9391\" style=\"width: 150px\" class=\"wp-caption alignright\"><a href=\"https:\/\/www.rontgen.com\/metod\/wp-content\/uploads\/2025\/01\/scint_brest_senod_m_upptag_.jpg\"><img loading=\"lazy\" decoding=\"async\" class=\"size-thumbnail wp-image-9391\" src=\"https:\/\/www.rontgen.com\/metod\/wp-content\/uploads\/2025\/01\/scint_brest_senod_m_upptag_-150x135.jpg\" alt=\"Scintigrafi br\u00f6st\" width=\"150\" height=\"135\" srcset=\"https:\/\/www.rontgen.com\/metod\/wp-content\/uploads\/2025\/01\/scint_brest_senod_m_upptag_-150x135.jpg 150w, https:\/\/www.rontgen.com\/metod\/wp-content\/uploads\/2025\/01\/scint_brest_senod_m_upptag_-300x271.jpg 300w, https:\/\/www.rontgen.com\/metod\/wp-content\/uploads\/2025\/01\/scint_brest_senod_m_upptag_-768x694.jpg 768w, https:\/\/www.rontgen.com\/metod\/wp-content\/uploads\/2025\/01\/scint_brest_senod_m_upptag_.jpg 775w\" sizes=\"auto, (max-width: 150px) 100vw, 150px\" \/><\/a><figcaption id=\"caption-attachment-9391\" class=\"wp-caption-text\">Scintigrafi br\u00f6st<\/figcaption><\/figure>\n<p>F\u00f6r <span style=\"color: #008080;\">diagnostik av spridning<\/span> av tum\u00f6rspecifika celler fr\u00e5n en br\u00f6stcancer g\u00f6rs en sk. <span style=\"color: #008080;\">sentinel node<\/span> <span style=\"font-size: 10pt;\">(SLNB)<\/span> d\u00e4r man genom en n\u00e5lpunktion injicerar en <span style=\"color: #008080;\">isotop<\/span> <span style=\"font-size: 10pt;\">(radioaktivt \u00e4mne; Teknekium (99m Tc))<\/span> in i tum\u00f6ren som senare ska avl\u00e4gsnas.<br \/>\nEfter isoptop injektionen unders\u00f6ks patienten med en <span style=\"color: #008080;\">gammakamera<\/span> eller SPECT kan lokalisera lymfbanan till den f\u00f6rst t\u00f6mmande lymfk\u00f6rtel <span style=\"font-size: 10pt;\">(&#8221;portvaktsk\u00f6rtel&#8221;)<\/span> n\u00e4rmast tum\u00f6romr\u00e5det. Efter denna n\u00e4rmaste lymfk\u00f6rtel f\u00f6ljer sedan en l\u00e5ng kedja av lymfk\u00f6rtlar upp mot armh\u00e5lan <span style=\"font-size: 10pt;\">(axillen)<\/span> som avleder lymfa fr\u00e5n br\u00f6stet i helhet. Det g\u00e5r \u00e4ven att injicera detta \u00e4mne i blodet f\u00f6r att l\u00e4sa av b\u00e5da br\u00f6sten vid scintigrafin.<br \/>\n<span style=\"color: #008080;\">Portvakten<\/span> \u00e4r den lymfk\u00f6rtel till vilken lymfan fr\u00e5n sj\u00e4lva tum\u00f6romr\u00e5det dr\u00e4nerar sig f\u00f6rst. Det \u00e4r till denna n\u00e4rmaste lymfknuta de ev. f\u00f6rsta cellerna fr\u00e5n tum\u00f6ren sprider och etablerar sig. Det kan \u00e4ven r\u00f6ra sig om flera portvaktsk\u00f6rtlar runt en misst\u00e4nkt tum\u00f6rf\u00f6r\u00e4ndring som man d\u00e5 f\u00e5r unders\u00f6ka. Man kan \u00e4ven blanda in ett bl\u00e5tt f\u00e4rg\u00e4mne med isotop-materialet f\u00f6r att f\u00e4rga in tum\u00f6romr\u00e5det inf\u00f6r operation.<\/p>\n<p>Genom av ta en riktad <span style=\"color: #008080;\">preoperativ biopsi<\/span> fr\u00e5n denna f\u00f6rsta lymfk\u00f6rtel <span style=\"font-size: 10pt;\">(portvakt)<\/span> kan man avg\u00f6ra om det skett en spridning av onormala celler <span style=\"font-size: 10pt;\">(metastaser)<\/span> hit. Om s\u00e5 inte \u00e4r fallet tala mycket f\u00f6r att cancern inte har spridit sig samt att man slipper utrymma lymfk\u00f6rtlarna uppe i armh\u00e5lan<sup class=\"modern-footnotes-footnote \" data-mfn=\"1\" data-mfn-post-scope=\"000000006b0e61bd0000000055e5d847_7690\"><a href=\"javascript:void(0)\"  role=\"button\" aria-pressed=\"false\" aria-describedby=\"mfn-content-000000006b0e61bd0000000055e5d847_7690-1\">1<\/a><\/sup><span id=\"mfn-content-000000006b0e61bd0000000055e5d847_7690-1\" role=\"tooltip\" class=\"modern-footnotes-footnote__note\" tabindex=\"0\" data-mfn=\"1\"><span style=\"color: #993300;\">Vid avl\u00e4gsnande av lymfk\u00f6rtlar i armh\u00e5lan (axillen) p\u00e5verkas bla. lymfavfl\u00f6det fr\u00e5n den aktuella armen. Detta kan leda till att armen svullnar upp (lymf\u00f6dem) av stagnerad v\u00e4tska i armens v\u00e4vnader. Det kan \u00e4ven medf\u00f6ra sensibilitetsst\u00f6rningar, r\u00f6relseinskr\u00e4nkning samt sm\u00e4rtor i armen. Dessa komplikationer brukar \u00f6ka med en postoperativ str\u00e5lbehandling. Besv\u00e4rens omfattning beror p\u00e5 axillingreppets omfattning.<\/span><\/span> i samband med operationen av br\u00f6stcancern. Skulle det d\u00e4remot visa sig att det redan skett en metastasering av celler till denna portvaktsk\u00f6rtel kan man bli tvungen att avl\u00e4gsna en st\u00f6rre del av lymfk\u00f6rtlarna uppe i armh\u00e5len <span style=\"font-size: 10pt;\">(axillutrymning)<\/span> f\u00f6r att inte riskera en fortsatt spridning fr\u00e5n dessa till andra organ och v\u00e4vnader i kroppen.<\/p>\n<p>Likas\u00e5 kan man genom <span style=\"color: #008080;\">bl\u00e5f\u00e4rgning av tum\u00f6ren<\/span> l\u00e4ttare lokalisera lymfk\u00f6rtlarna under en p\u00e5g\u00e5ende operation och d\u00e4rmed avl\u00e4gsna de som gav positivt utslag vid isotopinjektionen. Inf\u00e4rgningen sker oftast strax innan operationstillf\u00e4llet.<br \/>\nInjektionen av <span style=\"color: #008080;\">isotoper<\/span> g\u00f6rs strax innan en operation d\u00e4r operat\u00f6ren sedan under inledningen av operationen, med en handh\u00e5llen Geiger-m\u00e4tare\/prob, kan detektera i vilka n\u00e4rmast liggande lymfk\u00f6rtlar det finns upptag av radioaktivitet. F\u00f6r att lokalisera den n\u00e4rmaste eller n\u00e5gra n\u00e4ra liggande lymfk\u00f6rtlar som visar p\u00e5 radioaktivitet kan operat\u00f6ren identifiera de bl\u00e5f\u00e4rgade lymfbanorna och f\u00f6lja dessa till en verifierad radioaktiv lymfk\u00f6rtel.<br \/>\nDen radioaktiva lymfk\u00f6rteln plockas ut f\u00f6r att sedan skickas p\u00e5 cytologisk analys. Genom denna metod tar man endast ut de n\u00e4rmast liggande lymfk\u00f6rtlarna som d\u00e5 sparar resterande friska lymfk\u00f6rtlar i br\u00f6stet och upp i armh\u00e5lan <span style=\"font-size: 10pt;\">(axillen)<\/span>.<\/p>\n<p><strong>Str\u00e5lningen<\/strong><\/p>\n<p><span style=\"color: #008080;\">Str\u00e5ldosen<\/span> <span style=\"font-size: 10pt;\">(gammastr\u00e5lning)<\/span> som en isotop-injektion ger till patienten motsvarar r\u00f6ntgenstr\u00e5lningen vid en generell buk\u00f6versikt med konventionell r\u00f6ntgen.<br \/>\nVad man vet finns det ingen risk f\u00f6r \u00f6verk\u00e4nslighetsreaktion mot denna isotop. Patienter som f\u00e5tt en isotop-injektion b\u00f6r fr\u00e5nh\u00e5lla sig mot framf\u00f6r allt barn n\u00e5gra timmar.<br \/>\n<span style=\"color: #008080;\">Mammor<\/span> med sm\u00e5 barn avr\u00e5ds fr\u00e5n att <span style=\"color: #008080;\">amma under 24 timmar<\/span> efter en injektion med isotop-material. Det kan vara en god id\u00e9 att inf\u00f6r unders\u00f6kningen st\u00e4lla undan tillr\u00e4ckligt med utpumpad br\u00f6stmj\u00f6lk f\u00f6r barnet som d\u00e5 varar ett dygn.<\/p>\n<p><strong>Metod<\/strong><\/p>\n<p>Proceduren med att punktera samt injicera en isotop i eller i n\u00e4rheten av befintlig f\u00f6r\u00e4ndring sker likt n\u00e5lpunktion i texten ovan och tar ca. <span style=\"color: #008080;\">15-30 minuter<\/span>.<br \/>\nN\u00e4r denna del i unders\u00f6kningen \u00e4r gjord f\u00e5r patienten l\u00e4gga sig i en gammakamera eller SPECT f\u00f6r att ta bilder f\u00f6r att avg\u00f6ra var denna isotop s\u00f6ker sig.<br \/>\nHela denna elektiva <span style=\"font-size: 10pt;\">(tidbokad)<\/span> unders\u00f6kning tar ca. <span style=\"color: #008080;\">2 timmar<\/span>.<\/p>\n<p><strong>Efter<\/strong><\/p>\n<p>Efter ingreppet <span style=\"color: #008080;\">komprimeras punktionsh\u00e5let<\/span> f\u00f6r hand f\u00f6r att sedan <span style=\"color: #008080;\">pl\u00e5stras om<\/span>.<br \/>\nDet finns ingen specifik efterv\u00e5rd efter en punktion i br\u00f6stet.<br \/>\nPunktioner med <span style=\"color: #008080;\">gr\u00f6vre n\u00e5lar<\/span> kan ge <span style=\"color: #008080;\">bl\u00e5nader<\/span> i huden efter\u00e5t.<br \/>\nDen radioaktiva isotopen f\u00f6rsvinner fr\u00e5n kroppen helt inom n\u00e5gra dagar.<\/p>\n<p><span style=\"font-size: 18pt;\"><strong>Preparatr\u00f6ntgen<\/strong><\/span><\/p>\n<figure id=\"attachment_8701\" aria-describedby=\"caption-attachment-8701\" style=\"width: 150px\" class=\"wp-caption alignright\"><a href=\"https:\/\/www.rontgen.com\/metod\/wp-content\/uploads\/2024\/11\/mammo_ca_preparat_2.jpg\"><img loading=\"lazy\" decoding=\"async\" class=\"wp-image-8701\" src=\"https:\/\/www.rontgen.com\/metod\/wp-content\/uploads\/2024\/11\/mammo_ca_preparat_2-138x150.jpg\" alt=\"Preparat med preoperativ indikering\" width=\"150\" height=\"163\" srcset=\"https:\/\/www.rontgen.com\/metod\/wp-content\/uploads\/2024\/11\/mammo_ca_preparat_2-138x150.jpg 138w, https:\/\/www.rontgen.com\/metod\/wp-content\/uploads\/2024\/11\/mammo_ca_preparat_2-277x300.jpg 277w, https:\/\/www.rontgen.com\/metod\/wp-content\/uploads\/2024\/11\/mammo_ca_preparat_2-646x700.jpg 646w, https:\/\/www.rontgen.com\/metod\/wp-content\/uploads\/2024\/11\/mammo_ca_preparat_2.jpg 738w\" sizes=\"auto, (max-width: 150px) 100vw, 150px\" \/><\/a><figcaption id=\"caption-attachment-8701\" class=\"wp-caption-text\">Preparat med preoperativ indikering<\/figcaption><\/figure>\n<p>I samband med operativa resektionen av br\u00f6stcancern och tillh\u00f6rande lymfk\u00f6rtlar skickas denna dessa v\u00e4vnader inklusive indikering <span style=\"font-size: 10pt;\">(krok med metalltr\u00e5d)<\/span> till r\u00f6ntgen <span style=\"font-size: 10pt;\">(perioperativ r\u00f6ntgen)<\/span>\u00a0 f\u00f6r omedelbar <span style=\"color: #008080;\">kontroll att all tum\u00f6rspecifik v\u00e4vnad<\/span>, med goda marginaler, <span style=\"color: #008080;\">finns i det bortopererade br\u00f6stpreparatet<\/span>.<br \/>\nOm all tum\u00f6rv\u00e4vnad inte anses finnas med i br\u00f6stpreparatet tas ytterligare br\u00f6stv\u00e4vnad bort vid samma operativa seans.<br \/>\nF\u00f6r\u00e4ndringen i preparatet <span style=\"color: #008080;\">markeras<\/span> oftast i kanterna med olikf\u00e4rgade n\u00e5lar eller suturtr\u00e5d av operat\u00f6ren som ger patolog\/l\u00e4kare en orientering hur br\u00f6stpreparatet anatomiskt satt i br\u00f6stet innan borttagning samt var i preparatet f\u00f6r\u00e4ndringen sitter. Detta f\u00f6r att \u00e4ven underl\u00e4tta f\u00f6r den patolog som unders\u00f6ker v\u00e4vnadspreparatet.<\/p>\n","protected":false},"excerpt":{"rendered":"<p>Alla former av f\u00f6r\u00e4ndringar i br\u00f6stet, som man med s\u00e4kerhet inte kan klassificera, b\u00f6r verifieras genom en punktion (finn\u00e5l\/biopsi) mot f\u00f6r\u00e4ndringen f\u00f6r f\u00e5 ut ett<\/p>\n","protected":false},"author":1,"featured_media":0,"parent":0,"menu_order":0,"comment_status":"closed","ping_status":"closed","template":"","meta":{"footnotes":""},"class_list":["post-7690","page","type-page","status-publish","hentry"],"_links":{"self":[{"href":"https:\/\/www.rontgen.com\/metod\/wp-json\/wp\/v2\/pages\/7690","targetHints":{"allow":["GET"]}}],"collection":[{"href":"https:\/\/www.rontgen.com\/metod\/wp-json\/wp\/v2\/pages"}],"about":[{"href":"https:\/\/www.rontgen.com\/metod\/wp-json\/wp\/v2\/types\/page"}],"author":[{"embeddable":true,"href":"https:\/\/www.rontgen.com\/metod\/wp-json\/wp\/v2\/users\/1"}],"replies":[{"embeddable":true,"href":"https:\/\/www.rontgen.com\/metod\/wp-json\/wp\/v2\/comments?post=7690"}],"version-history":[{"count":0,"href":"https:\/\/www.rontgen.com\/metod\/wp-json\/wp\/v2\/pages\/7690\/revisions"}],"wp:attachment":[{"href":"https:\/\/www.rontgen.com\/metod\/wp-json\/wp\/v2\/media?parent=7690"}],"curies":[{"name":"wp","href":"https:\/\/api.w.org\/{rel}","templated":true}]}}