{"id":5062,"date":"2023-10-08T23:44:52","date_gmt":"2023-10-08T22:44:52","guid":{"rendered":"https:\/\/www.rontgen.com\/metod\/?page_id=5062"},"modified":"2024-10-30T23:00:01","modified_gmt":"2024-10-30T22:00:01","slug":"fotled","status":"publish","type":"page","link":"https:\/\/www.rontgen.com\/metod\/undersokningar\/fotled\/","title":{"rendered":"Fotled"},"content":{"rendered":"<p><span style=\"font-size: 18pt;\"><strong>Indikation<\/strong><\/span><\/p>\n<figure id=\"attachment_6945\" aria-describedby=\"caption-attachment-6945\" style=\"width: 150px\" class=\"wp-caption alignright\"><a href=\"https:\/\/www.rontgen.com\/metod\/wp-content\/uploads\/2023\/12\/konv_fotled_sida.jpg\"><img loading=\"lazy\" decoding=\"async\" class=\"size-thumbnail wp-image-6945\" src=\"https:\/\/www.rontgen.com\/metod\/wp-content\/uploads\/2023\/12\/konv_fotled_sida-150x150.jpg\" alt=\"R\u00f6ntgen fotled sidobild\" width=\"150\" height=\"150\" srcset=\"https:\/\/www.rontgen.com\/metod\/wp-content\/uploads\/2023\/12\/konv_fotled_sida-150x150.jpg 150w, https:\/\/www.rontgen.com\/metod\/wp-content\/uploads\/2023\/12\/konv_fotled_sida-300x300.jpg 300w, https:\/\/www.rontgen.com\/metod\/wp-content\/uploads\/2023\/12\/konv_fotled_sida.jpg 700w\" sizes=\"auto, (max-width: 150px) 100vw, 150px\" \/><\/a><figcaption id=\"caption-attachment-6945\" class=\"wp-caption-text\">Fotled sidobild<\/figcaption><\/figure>\n<p style=\"text-align: left;\"><span style=\"color: #008080;\">Fotleden<\/span> \u00e4r ett <span style=\"color: #008080;\">mycket vanligt skadest\u00e4lle<\/span> som ofta f\u00f6ranleder ett bes\u00f6k p\u00e5 r\u00f6ntgen.<br \/>\nOftast r\u00f6r det sig om enbart en <span style=\"color: #008080;\">stukning<\/span><sup class=\"modern-footnotes-footnote \" data-mfn=\"1\" data-mfn-post-scope=\"000000003d6daa49000000005da5ddbc_5062\"><a href=\"javascript:void(0)\"  role=\"button\" aria-pressed=\"false\" aria-describedby=\"mfn-content-000000003d6daa49000000005da5ddbc_5062-1\">1<\/a><\/sup><span id=\"mfn-content-000000003d6daa49000000005da5ddbc_5062-1\" role=\"tooltip\" class=\"modern-footnotes-footnote__note\" tabindex=\"0\" data-mfn=\"1\"><span style=\"color: #993300;\">Stukning avser endast skada p\u00e5 n\u00e5got ligament som stabiliserar fotleden. En skada p\u00e5 ett ligament uppkommer av att leden f\u00f6r ett kort \u00f6gonblick utf\u00f6r en r\u00f6relse som den normalt inte ska klara av varav ligamenten str\u00e4cks och ev. ruptureras (g\u00e5r av).<\/span><\/span> i fotleden. Detta \u00e4r en ledvrickning utan fraktur p\u00e5 n\u00e5got ben. Symtomen vid en ligamentskada <span style=\"font-size: 10pt;\">(stukning)<\/span> i fotleden \u00f6verensst\u00e4mmer dock med en fraktur i fotleden med <span style=\"color: #008080;\">sm\u00e4rta<\/span> vid belastning, <span style=\"color: #008080;\">svullnad<\/span> samt <span style=\"color: #008080;\">bl\u00e5m\u00e4rke<\/span> p\u00e5 huden vid skadest\u00e4llet. Vanligaste skadest\u00e4llet f\u00f6r en stukning \u00e4r p\u00e5 <span style=\"color: #008080;\">lateralsidan<\/span> <span style=\"font-size: 10pt;\">(utsidan)<\/span> av fotleden<sup class=\"modern-footnotes-footnote \" data-mfn=\"2\" data-mfn-post-scope=\"000000003d6daa49000000005da5ddbc_5062\"><a href=\"javascript:void(0)\"  role=\"button\" aria-pressed=\"false\" aria-describedby=\"mfn-content-000000003d6daa49000000005da5ddbc_5062-2\">2<\/a><\/sup><span id=\"mfn-content-000000003d6daa49000000005da5ddbc_5062-2\" role=\"tooltip\" class=\"modern-footnotes-footnote__note\" tabindex=\"0\" data-mfn=\"2\"><span style=\"color: #993300;\">Fr\u00e4mre talofibularligamentet.<\/span><\/span>.<br \/>\nDetta f\u00f6ranleder flertalet drabbade att s\u00f6ka akutsjukv\u00e5rd med r\u00f6ntgenunders\u00f6kning av fotleden trots att detta inte beh\u00f6vs om l\u00e4kare gjort en riktig bed\u00f6mning<sup class=\"modern-footnotes-footnote \" data-mfn=\"3\" data-mfn-post-scope=\"000000003d6daa49000000005da5ddbc_5062\"><a href=\"javascript:void(0)\"  role=\"button\" aria-pressed=\"false\" aria-describedby=\"mfn-content-000000003d6daa49000000005da5ddbc_5062-3\">3<\/a><\/sup><span id=\"mfn-content-000000003d6daa49000000005da5ddbc_5062-3\" role=\"tooltip\" class=\"modern-footnotes-footnote__note\" tabindex=\"0\" data-mfn=\"3\"><span style=\"color: #993300;\">Enligt Ottawa-kriterier \u00e4r r\u00f6ntgen av fotleden endast indicerad vid vissa specifika symtom. Dessa kriterier \u00e4r bla. vid of\u00f6rm\u00e5ga att g\u00e5 4 steg, bl\u00e5nader av huden p\u00e5 specifika omr\u00e5den kring fotleden, sm\u00e4rta \u00f6ver specifika punkter runt fotleden, mm.<\/span><\/span>.<br \/>\nEn stukning av fotleden kr\u00e4ver oftast ingen kirurgisk behandling utan fotledsligament l\u00e4ker av sig sj\u00e4lv med initial kylning, h\u00f6gl\u00e4ge samt vila och d\u00e4refter st\u00f6dbandagering <span style=\"font-size: 10pt;\">(ortos, tejp, bandage)<\/span> under 2-3 veckor med l\u00e5ngsam uppstart av normala aktiviteter.<\/p>\n<p style=\"text-align: left;\">Vid skada i fotleden uppkommer dessa i <span style=\"color: #008080;\">95%<\/span> av fallen genom trauma, vridning eller annan felaktig belastning av <span style=\"color: #008080;\">foten<\/span>.<\/p>\n<p><span style=\"font-size: 18pt;\"><strong>Patologi<\/strong><\/span><\/p>\n<p style=\"text-align: left;\"><span style=\"color: #008080;\">Frakturer<\/span> i fotleden uppkommer efter olika typer av v\u00e5ld s\u00e5 som vrid- eller sidov\u00e5ld, axialt v\u00e5ld, mm. Trolig diagnos kan st\u00e4llas efter uppgifter om hur skadan gick till, felst\u00e4llning, omr\u00e5de med svullnad, bl\u00e5nad av huden, g\u00e5r det att g\u00e5 p\u00e5 p\u00e5 foten, mm.\u00a0 Skadan p\u00e5 fotleden kan klassificeras efter hur skadan kom till <span style=\"font-size: 10pt;\">(skademekanismen)<\/span> enligt Lauge Hansen<sup class=\"modern-footnotes-footnote \" data-mfn=\"4\" data-mfn-post-scope=\"000000003d6daa49000000005da5ddbc_5062\"><a href=\"javascript:void(0)\"  role=\"button\" aria-pressed=\"false\" aria-describedby=\"mfn-content-000000003d6daa49000000005da5ddbc_5062-4\">4<\/a><\/sup><span id=\"mfn-content-000000003d6daa49000000005da5ddbc_5062-4\" role=\"tooltip\" class=\"modern-footnotes-footnote__note\" tabindex=\"0\" data-mfn=\"4\"><span style=\"color: #993300;\">Skada enl. Lauge Hansen klassificeras enligt, 1: supinations-ut\u00e5trotationsskada, 2: supinationsskada (foten roteras ut\u00e5t), 3: pronations-ut\u00e5trotationsskada, 4: pronationsskada (foten roteras in\u00e5t).<\/span><\/span>. Genom denna klassifikation kan man d\u00e5 \u00e4ven avg\u00f6ra vilka specifika ligament och ben i fotleden som \u00e4r involverade i skadan.<br \/>\n<span style=\"color: #008080;\">Vanligaste skadetypen<\/span> i fotleden \u00e4r<span style=\"color: #008080;\"> supinations-ut\u00e5trotationsskada<\/span> som i sig klassificeras med 4 olika typer av skada beroende p\u00e5 typ av skada och skadans sv\u00e5righetsgrad.<br \/>\n[<span style=\"color: #008080;\"><a style=\"color: #008080;\" href=\"https:\/\/www.rontgen.com\/metod\/wp-content\/uploads\/2023\/12\/konv_fotled_frakt_med_mall_.jpg\">Pronation-ut\u00e5trotationsskador<\/a><\/span>] \u00e4r inte s\u00e5 vanlig som supinations-ut\u00e5trotationsskada som \u00e4ven dessa vardera delas in i 4 olika klasser. De 2 andra skadetyperna i fotleden \u00e4r mer ovanliga.<br \/>\nDet f\u00f6rekommer \u00e4ven en klassifikation enligt <span style=\"color: #008080;\">Danis-Weber<\/span> som baserar sig p\u00e5 hur en skenbensfraktur involverar <span style=\"color: #008080;\">syndesmosen<\/span><sup class=\"modern-footnotes-footnote \" data-mfn=\"5\" data-mfn-post-scope=\"000000003d6daa49000000005da5ddbc_5062\"><a href=\"javascript:void(0)\"  role=\"button\" aria-pressed=\"false\" aria-describedby=\"mfn-content-000000003d6daa49000000005da5ddbc_5062-5\">5<\/a><\/sup><span id=\"mfn-content-000000003d6daa49000000005da5ddbc_5062-5\" role=\"tooltip\" class=\"modern-footnotes-footnote__note\" tabindex=\"0\" data-mfn=\"5\"><span style=\"color: #993300;\">Utrymmet mellan distala skenbenet (tibia) och vadbenet (Fibula), TC-leden.<\/span><\/span>. Denna delar in dessa skador i 3 typer (A-C).<\/p>\n<figure id=\"attachment_6939\" aria-describedby=\"caption-attachment-6939\" style=\"width: 150px\" class=\"wp-caption alignright\"><a href=\"https:\/\/www.rontgen.com\/metod\/wp-content\/uploads\/2023\/12\/konv_fotled_bimall_frkt.jpg\"><img loading=\"lazy\" decoding=\"async\" class=\"wp-image-6939\" src=\"https:\/\/www.rontgen.com\/metod\/wp-content\/uploads\/2023\/12\/konv_fotled_bimall_frkt-118x150.jpg\" alt=\"R\u00f6ntgen fotled med bimalleol\u00e4r fraktur med leddistortion\" width=\"150\" height=\"191\" srcset=\"https:\/\/www.rontgen.com\/metod\/wp-content\/uploads\/2023\/12\/konv_fotled_bimall_frkt-118x150.jpg 118w, https:\/\/www.rontgen.com\/metod\/wp-content\/uploads\/2023\/12\/konv_fotled_bimall_frkt-236x300.jpg 236w, https:\/\/www.rontgen.com\/metod\/wp-content\/uploads\/2023\/12\/konv_fotled_bimall_frkt.jpg 550w\" sizes=\"auto, (max-width: 150px) 100vw, 150px\" \/><\/a><figcaption id=\"caption-attachment-6939\" class=\"wp-caption-text\">Fotled multipla frakturer med ledluxation<\/figcaption><\/figure>\n<p style=\"text-align: left;\"><span style=\"color: #008080;\">Multipla frakturer<\/span>, d\u00e5 fotleden mer eller mindre splittrats upp i flertalet benfragment, kan vara komplicerade att f\u00e5 att l\u00e4ka p\u00e5 ett bra s\u00e4tt. D\u00e5 dessa frakturer oftast ocks\u00e5 involverar leden \u00e4r risker st\u00f6rre f\u00f6r senare komplikationer efter l\u00e4kning. Fotleden m\u00e5ste d\u00e4rf\u00f6r fixeras ordentligt med [<span style=\"color: #008080;\"><a style=\"color: #008080;\" href=\"https:\/\/www.rontgen.com\/metod\/wp-content\/uploads\/2023\/12\/konv_fofraktur-_ext_fix_1.jpg\">externa skruvar<\/a><\/span>] inf\u00f6r l\u00e4kning f\u00f6r att undvika senare komplikationer med r\u00f6relser av leden.<br \/>\nHar patienten f\u00e5tt n\u00e5gon kirurgisk <span style=\"color: #008080;\">osteosyntes<\/span><sup class=\"modern-footnotes-footnote \" data-mfn=\"6\" data-mfn-post-scope=\"000000003d6daa49000000005da5ddbc_5062\"><a href=\"javascript:void(0)\"  role=\"button\" aria-pressed=\"false\" aria-describedby=\"mfn-content-000000003d6daa49000000005da5ddbc_5062-6\">6<\/a><\/sup><span id=\"mfn-content-000000003d6daa49000000005da5ddbc_5062-6\" role=\"tooltip\" class=\"modern-footnotes-footnote__note\" tabindex=\"0\" data-mfn=\"6\"><span style=\"color: #993300;\">Kirurgisk inopererad fixeringsmaterial i form av metallplatta, skruvar, spikar, mm.<\/span><\/span> stabiliseras fotleden oftast med \u00e4ven av en yttre <span style=\"color: #008080;\">gipsst\u00f6vel<\/span> eller <span style=\"color: #008080;\">ortosst\u00f6vel<\/span> <span style=\"font-size: 10pt;\">(air cast)<\/span>.<\/p>\n<p><span style=\"color: #008080;\">Luxation<\/span> i fotleden av talocruralleden <span style=\"font-size: 10pt;\">(\u00f6vre spr\u00e5ngbensleden mot sken- och vadbenet)<\/span> f\u00f6rekommer mer s\u00e4llan men b\u00f6r reponeras eller f\u00f6rs\u00f6k till innan patienten\u00a0 \u00e5ker till r\u00f6ntgen f\u00f6r unders\u00f6kning.<\/p>\n<p style=\"text-align: left;\">[<span style=\"color: #008080;\"><a style=\"color: #008080;\" href=\"https:\/\/www.rontgen.com\/metod\/wp-content\/uploads\/2023\/12\/konv_fotled_artros.png\">Atros<\/a><\/span>] <span style=\"font-size: 10pt;\">(bild)<\/span> kan \u00e4ven finnas i fotleden men f\u00f6rkommer mer s\u00e4llan i denna led. Dock kan en artros utvecklas inom fotleden efter tidigare fraktur h\u00e4r. Artos i fotleden \u00e4r ofta mer sv\u00e5rbehandlad d\u00e4r sjukgymnastik oftast \u00e4r enda behandlingsalternativet.<br \/>\nFotledsartros kan vara sv\u00e5rt att se med <span style=\"color: #008080;\">konventionell r\u00f6ntgen d\u00e4r datortomografi<\/span> <span style=\"font-size: 10pt;\">(CT)<\/span> eller <span style=\"color: #008080;\">magnetkamera<\/span> <span style=\"font-size: 10pt;\">(MR)<\/span> utg\u00f6r b\u00e4ttre bilddiagnostik om detta blir aktuellt.<br \/>\n<span style=\"color: #008080;\">Reumatoid artrit<\/span> <span style=\"font-size: 10pt;\">(RA)<\/span> f\u00f6rekommer s\u00e4llan i sj\u00e4lva fotleden utan \u00e4r mer vanligt f\u00f6rekommande i fotens leder mellan t\u00e5rnas ben.<\/p>\n<p><span style=\"color: #008080;\">Barn under 18 \u00e5r<\/span> b\u00f6r alltid r\u00f6ntgas vid misst\u00e4nkt skada i fotleden.<br \/>\nN\u00e4r <span style=\"color: #008080;\">barn<\/span> drabbas av fotledsfrakturer kan dessa ifall de <span style=\"color: #008080;\">involverar epifysen<\/span>, leda till <span style=\"color: #008080;\">felst\u00e4llning<\/span> av fotleden under barnets senare tillv\u00e4xt. Det l\u00f6per inga blodk\u00e4rl fr\u00e5n <span style=\"color: #008080;\">metafysen<\/span><sup class=\"modern-footnotes-footnote \" data-mfn=\"7\" data-mfn-post-scope=\"000000003d6daa49000000005da5ddbc_5062\"><a href=\"javascript:void(0)\"  role=\"button\" aria-pressed=\"false\" aria-describedby=\"mfn-content-000000003d6daa49000000005da5ddbc_5062-7\">7<\/a><\/sup><span id=\"mfn-content-000000003d6daa49000000005da5ddbc_5062-7\" role=\"tooltip\" class=\"modern-footnotes-footnote__note\" tabindex=\"0\" data-mfn=\"7\"><span style=\"color: #993300;\">Under tillv\u00e4xt\u00e5ren utg\u00f6r fysfogen en \u00e4nde\/hinder f\u00f6r blodcirkulationen distalt ut l\u00e4ngs r\u00f6rbenen. Epifyserna ha egen blosf\u00f6rs\u00f6rjning. N\u00e4r fysfogarna sluter sig och barnet slutar v\u00e4xa p\u00e5 l\u00e4ngden f\u00e5r epifysdelen blodcirkulation \u00f6ver den tidigare metafysdelen. Metafysdelen upph\u00f6r d\u00e5 att existera som del f\u00f6r bentillv\u00e4xten.<\/span><\/span> f\u00f6rbi [<span style=\"color: #008080;\"><a style=\"color: #008080;\" href=\"https:\/\/www.rontgen.com\/metod\/wp-content\/uploads\/2024\/01\/barn_fotled_fr_1.jpg\">fysfogen<\/a><\/span>] till skelettets f\u00f6rbeningsdel epifysen varf\u00f6r skador i epifysen kan leda till skelettdeformation som kan ge en r\u00f6relseinskr\u00e4kning i den aktuella leden.<br \/>\nBarn med <span style=\"color: #008080;\">myelomeningocele<\/span><sup class=\"modern-footnotes-footnote \" data-mfn=\"8\" data-mfn-post-scope=\"000000003d6daa49000000005da5ddbc_5062\"><a href=\"javascript:void(0)\"  role=\"button\" aria-pressed=\"false\" aria-describedby=\"mfn-content-000000003d6daa49000000005da5ddbc_5062-8\">8<\/a><\/sup><span id=\"mfn-content-000000003d6daa49000000005da5ddbc_5062-8\" role=\"tooltip\" class=\"modern-footnotes-footnote__note\" tabindex=\"0\" data-mfn=\"8\"><span style=\"color: #993300;\">Ryggm\u00e4rgsbr\u00e5ck \u00e4r en utbuktning av ryggm\u00e4rgskanalen som kan sitta n\u00e5gonstans l\u00e4ngs ryggraden. Beroende p\u00e5 niv\u00e5 p\u00e5 br\u00e5cket l\u00e4ngs ryggraden ger den olika neurogena st\u00f6rningar s\u00e5 som r\u00f6rlighet, tarm- eller urinbl\u00e5sefunktion ,mm.<\/span> <\/span>\u00a0<span style=\"font-size: 10pt;\">(ryggm\u00e4rgsbr\u00e5ck)<\/span> kan drabbas av <span style=\"color: #008080;\">patologiska frakturer<\/span> i fotled\/fot ifall barnet \u00e4r inaktivt och inte g\u00e5r samt belastar sina ben vilka d\u00e5 kan drabbas av <span style=\"color: #008080;\">osteoporos<\/span> <span style=\"font-size: 10pt;\">(bensk\u00f6rhet)<\/span> med d\u00e4rtill \u00f6kad risk f\u00f6r frakturer. Dessa barn har \u00e4ven l\u00e4ttare f\u00f6r att f\u00e5 frakturer p\u00e5 andra st\u00e4llen av skelettet utan annan orsak f\u00f6rutom deras bensk\u00f6rhet.<\/p>\n<p style=\"text-align: left;\"><span style=\"font-size: 18pt;\"><strong>Metod<\/strong><\/span><\/p>\n<figure id=\"attachment_5658\" aria-describedby=\"caption-attachment-5658\" style=\"width: 150px\" class=\"wp-caption alignright\"><a href=\"https:\/\/www.rontgen.com\/metod\/wp-content\/uploads\/2023\/10\/konv_rtg_bord_takror_2.jpg\"><img loading=\"lazy\" decoding=\"async\" class=\"wp-image-5658\" src=\"https:\/\/www.rontgen.com\/metod\/wp-content\/uploads\/2023\/10\/konv_rtg_bord_takror_2-100x80.jpg\" alt=\"\" width=\"150\" height=\"120\" srcset=\"https:\/\/www.rontgen.com\/metod\/wp-content\/uploads\/2023\/10\/konv_rtg_bord_takror_2-100x80.jpg 100w, https:\/\/www.rontgen.com\/metod\/wp-content\/uploads\/2023\/10\/konv_rtg_bord_takror_2-300x240.jpg 300w, https:\/\/www.rontgen.com\/metod\/wp-content\/uploads\/2023\/10\/konv_rtg_bord_takror_2-768x614.jpg 768w, https:\/\/www.rontgen.com\/metod\/wp-content\/uploads\/2023\/10\/konv_rtg_bord_takror_2.jpg 1000w\" sizes=\"auto, (max-width: 150px) 100vw, 150px\" \/><\/a><figcaption id=\"caption-attachment-5658\" class=\"wp-caption-text\">Konventionell r\u00f6ntgen<\/figcaption><\/figure>\n<p style=\"text-align: left;\">Vid r\u00f6ntgen av fotleden tar man <span style=\"color: #008080;\">2-4 bilder<\/span> medan patienten ligger ner p\u00e5 en brits. Det tas alltid minst en [<span style=\"color: #008080;\"><a style=\"color: #008080;\" href=\"https:\/\/www.rontgen.com\/metod\/wp-content\/uploads\/2024\/01\/konv_fotled_fr.jpg\">frontal-<\/a><\/span>] <span style=\"font-size: 10pt;\">(bild)<\/span> och en [<span style=\"color: #008080;\"><a style=\"color: #008080;\" href=\"https:\/\/www.rontgen.com\/metod\/wp-content\/uploads\/2024\/01\/konv_fotled_sida_2.jpg\">sidobild<\/a><\/span>] <span style=\"font-size: 10pt;\">(bild)<\/span>. Dessa kompletteras i de flesta fallen med bilder med fotleden n\u00e5got [<span style=\"color: #008080;\"><a style=\"color: #008080;\" href=\"https:\/\/www.rontgen.com\/metod\/wp-content\/uploads\/2024\/01\/konv_fotled_invrdn.jpg\">invriden<\/a><\/span>] <span style=\"font-size: 10pt;\">(bild)<\/span> eller ut\u00e5tvriden \u00e5t n\u00e5gondera h\u00e5llet.<br \/>\nVid komplicerade frakturer som involverar sj\u00e4lva leden etc. kan en <span style=\"color: #008080;\">datortomografi<\/span> <span style=\"font-size: 10pt;\">(CT)<\/span> ge kompletterande bilder \u00f6ver de olika fragmentens l\u00e4ge och engagemang i leden.<\/p>\n<p><strong><span style=\"font-size: 18pt;\">Anatomi och fysiologi<\/span><\/strong><\/p>\n<p>Till <span style=\"color: #008080;\">fotleden<\/span> r\u00e4knas distala \u00e4ndarna av <span style=\"color: #008080;\">skenbenet<\/span> <span style=\"font-size: 10pt;\">(tibia)<\/span> och <span style=\"color: #008080;\">vadbenet<\/span>\u00a0<span style=\"font-size: 10pt;\">(fibula)<\/span>. <span style=\"color: #008080;\">Spr\u00e5ngbenet<\/span> <span style=\"font-size: 10pt;\">(talus)<\/span> tillh\u00f6r s\u00e5v\u00e4l fotled och fot.<\/p>\n<p>De b\u00e5da underbenen bildar en <span style=\"color: #008080;\">gaffel-liknande<\/span> led-konstruktion som kl\u00e4mmer in fotens spr\u00e5ngben som likt ett &#8221;st\u00e4d&#8221; i denna &#8221;gaffelkonstruktion&#8221;.<br \/>\nHela denna gaffel h\u00e5lls ihop av kraftiga ligament och membran mellan skenbenet och str\u00e5lbenet. Fr\u00e5n underbenens <span style=\"color: #008080;\">fotkn\u00f6lar<\/span> <span style=\"font-size: 10pt;\">(malleoler)<\/span> p\u00e5 vardera sida om fotleden sitter sidoligament som f\u00e4ster i s\u00e5v\u00e4l fotroten <span style=\"font-size: 10pt;\">(talus)<\/span>. som h\u00e4lbenet <span style=\"font-size: 10pt;\">(calcaneus)<\/span>.<br \/>\nFotkn\u00f6larna \u00e4r vanliga platser f\u00f6r benskador d\u00e4r avlossning <span style=\"font-size: 10pt;\">(ruptur)<\/span> av ett benf\u00e4ste f\u00f6r ligamenten till foten kan ske vid \u00f6vervridning av leden.<\/p>\n<p>Fotledens <span style=\"color: #008080;\">vridningar<\/span> g\u00f6rs i <span style=\"color: #008080;\">spr\u00e5ngbenets<\/span> b\u00e5da \u00e4ndar.<br \/>\nI den \u00f6vre \u00e4nden som utg\u00f6r leden mot skenbenet <span style=\"color: #008080;\">str\u00e4cks och b\u00f6js<\/span> fotleden i en riktning n\u00e4r foten \u00e4r i <span style=\"color: #008080;\">b\u00f6jd<\/span> <span style=\"font-size: 10pt;\">(dorsalflexion)<\/span> vinkel och spr\u00e5ngbenets ledrulle sitter mer stadigt i gaffeln. Denna vinkel har fotleden \u00e4ven vid st\u00e5ende som p\u00e5 s\u00e5 s\u00e4tt stabilisera fotleden vid den p\u00e5frestning den uts\u00e4tts f\u00f6r vid g\u00e5ng. <span style=\"color: #008080;\">Str\u00e4cker<\/span> man foten <span style=\"font-size: 10pt;\">(plantarflexion)<\/span> kommer den bakre och mindre delen av spr\u00e5ngbenets ledrulle in i gaffeln-konstruktionen som medf\u00f6r att leden blir mer ostadig samt att viss sidor\u00f6relse kan utf\u00f6ras i\u00a0 denna \u00f6vre spr\u00e5ngbensled i denna str\u00e4ckta fotposition.<br \/>\nI spr\u00e5ngbenets <span style=\"color: #008080;\">nedre led<\/span> mot \u00f6vriga fotrotsben kan foten b\u00f6jas och str\u00e4ckas likt den \u00f6vre leden men kan \u00e4ven vrida foten i sidled.<\/p>\n<p><span style=\"color: #008080;\">Barn<\/span> som v\u00e4xer har tillv\u00e4xtzoner i benen strax ovan fotledskn\u00f6larna som vid skelettskada kan ge felv\u00e4xt och felst\u00e4llning i fotleden.<\/p>\n","protected":false},"excerpt":{"rendered":"<p>Indikation Fotleden \u00e4r ett mycket vanligt skadest\u00e4lle som ofta f\u00f6ranleder ett bes\u00f6k p\u00e5 r\u00f6ntgen. Oftast r\u00f6r det sig om enbart en stukning i fotleden. Detta<\/p>\n","protected":false},"author":1,"featured_media":0,"parent":2464,"menu_order":0,"comment_status":"closed","ping_status":"closed","template":"","meta":{"footnotes":""},"class_list":["post-5062","page","type-page","status-publish","hentry"],"_links":{"self":[{"href":"https:\/\/www.rontgen.com\/metod\/wp-json\/wp\/v2\/pages\/5062","targetHints":{"allow":["GET"]}}],"collection":[{"href":"https:\/\/www.rontgen.com\/metod\/wp-json\/wp\/v2\/pages"}],"about":[{"href":"https:\/\/www.rontgen.com\/metod\/wp-json\/wp\/v2\/types\/page"}],"author":[{"embeddable":true,"href":"https:\/\/www.rontgen.com\/metod\/wp-json\/wp\/v2\/users\/1"}],"replies":[{"embeddable":true,"href":"https:\/\/www.rontgen.com\/metod\/wp-json\/wp\/v2\/comments?post=5062"}],"version-history":[{"count":0,"href":"https:\/\/www.rontgen.com\/metod\/wp-json\/wp\/v2\/pages\/5062\/revisions"}],"up":[{"embeddable":true,"href":"https:\/\/www.rontgen.com\/metod\/wp-json\/wp\/v2\/pages\/2464"}],"wp:attachment":[{"href":"https:\/\/www.rontgen.com\/metod\/wp-json\/wp\/v2\/media?parent=5062"}],"curies":[{"name":"wp","href":"https:\/\/api.w.org\/{rel}","templated":true}]}}